 Let a be b(-35). Let g(w) = 25*w + 5. Give g(a).
55
Let q(a) = -a + 6. Suppose -d + 1 = 9. Let n(o) = -3*o - 25. Let l be n(d). Let b be 0*(3 + (36/(-8) - l)). Give q(b).
6
Let a(w) be the second derivative of -5/6*w**3 + 1/12*w**4 - 73 + 0*w**2 + w. What is a(4)?
-4
Suppose -4 = 3*w - 3*x + 2, -17 = 5*w + 2*x. Let g(i) = -7*i - 13. Let y(l) = -17*l - 31. Let p(v) = -7*g(v) + 3*y(v). Give p(w).
4
Let u(i) = 7*i + 92. Let z = -446 - -434. Let j be u(z). Let t(p) = -p**2 + 7*p + 10. Determine t(j).
2
Let u(p) = 16 - 3 + 45*p - 47*p. Let m = -2087 + 2096. What is u(m)?
-5
Let h = -3329 + 3336. Let j(o) = 3*o + 9. What is j(h)?
30
Let t(k) = k**3 - 5*k**2 + 3*k - 5. Let h(n) = n**3 + 24*n**2 + 41*n - 49. Let z be h(-22). Suppose -8*j - z + 57 = 0. Calculate t(j).
10
Let n(c) be the second derivative of -c**5/60 - 13*c**4/24 + 7*c**3/3 + 80*c**2 + 23*c + 3. Let b(s) be the first derivative of n(s). Give b(-14).
0
Let s(d) = 1. Let z(y) be the second derivative of y**3/6 - 21*y**2/2 - 125*y. Suppose -1 = -5*a + 9. Let m(i) = a*s(i) + z(i). Calculate m(10).
-9
Suppose -10*x = -20*x + 30. Let s(m) = -4*m**3 - 6*m - 1. Let k(v) = -9*v**3 - 11*v - 1. Let c(u) = x*k(u) - 5*s(u). Calculate c(1).
-8
Let v(c) = -c**3 + c - 4. Let l(q) be the second derivative of -3/2*q**4 + 1/20*q**5 + 0 + 19/2*q**2 + 10*q - 10/3*q**3. Let b be l(19). What is v(b)?
-4
Suppose 50 = 5*x - 2*m, -3*m - 72 + 25 = -4*x. Suppose 4*v - x = 12*v. Let o(p) = 16*p. Determine o(v).
-16
Let b(s) be the first derivative of s**2 + 83*s + 2908. What is b(-41)?
1
Let m = -1212 + 1206. Let o = 16 - 11. Let y(s) = 3*s - 1 - o*s + 3*s + 4. Determine y(m).
-3
Let c(i) = 3*i**2 - 100*i + 32. Let z be c(36). Let b(g) = -14*g**2 - g + z + 11*g**2 - 317. Determine b(2).
-11
Let j(r) = r**3 + 18*r**2 - 2*r - 27. Let t be j(-18). Let y(v) = 8 - v**2 + 128*v + 2 - 121*v. Determine y(t).
-8
Let l(n) = -2 - 31*n + 66*n - 2*n - 31*n. What is l(-8)?
-18
Let u(r) = r**2 + 18*r + 16. Let w(m) = -2*m**2 + 175*m + 908. Let g be w(-5). Determine u(g).
-1
Let z(a) = -a**3 - 6*a**2 - 4. Let h = -36 + 30. Let p be z(h). Let y(g) be the second derivative of g**3/3 + 5*g**2/2 - 5*g. What is y(p)?
-3
Let n(y) be the first derivative of 17*y**2 - 8*y - 2738. Give n(1).
26
Let z = 25 + -19. Let b be 11 - z/(-9)*-9. Let j(x) = -x**2 + 5*x + 2. Determine j(b).
2
Let m(h) = h**2 - 7*h - 18. Let g be m(10). Let d = g + -11. Let k(f) = -d + 0 + f + 3 + 0*f. Give k(6).
8
Let n(v) be the first derivative of 1/2*v**2 - 5*v - 17. Suppose 5*s - 26 = -4*j - 2, 3*s + 3*j - 15 = 0. Determine n(s).
-1
Let f(d) = d**2 - 38*d + 100. Suppose 0 = 3*o - 14*m + 11*m - 99, 0 = -2*o + 5*m + 60. Calculate f(o).
-5
Let t(c) = c**3 + 23*c**2 + 21*c - 53. Let a be t(-22). Suppose 0 = -5*y + y - 104. Let q = a - y. Let n(u) = u + 4. Determine n(q).
-1
Let v(w) = w**3 + 7*w**2 + 2*w + 10. Let p(h) = -2*h - 2*h**3 - 7 + h**3 - 2*h - 5*h**2. Suppose -1150*o = -1151*o - 4. Let s be p(o). Calculate v(s).
-4
Let o(k) = 9*k - 1. Suppose 7*s = -5*n + 8*s + 155, -4*s = -5*n + 140. Suppose 8*z + 0*z = -n. Give o(z).
-37
Let l(v) = v**2 + 15*v + 3. Suppose -12240 = 39*j - 11694. Determine l(j).
-11
Let r(j) = j**2 - 18*j + 64. Let f = -1124 - -1129. Give r(f).
-1
Let k(n) = 49*n + 7. Let x be (-39)/(-52) + (-6)/(-120)*25. Determine k(x).
105
Let m(x) be the third derivative of 1/3*x**3 + 1/24*x**4 + 0 + 2*x**2 - 22*x. Calculate m(4).
6
Let l be (6/2 - 9)/(4/(-14)). Suppose z = r + 4*r - l, -4*r + 32 = 3*z. Let p(a) = a**2 - z*a - 3*a - a + 6. What is p(8)?
6
Let k(g) be the first derivative of -g**3/3 + 2*g**2 - 7*g - 427. Give k(5).
-12
Let g(d) be the first derivative of 1/3*d**3 + 3*d + 1/4*d**4 + 1/2*d**2 + 95. Give g(0).
3
Let t(p) be the second derivative of -1/20*p**5 + 10*p + 1/4*p**4 + 0 + p**2 + 1/2*p**3. Let f = 3 + 1. Calculate t(f).
-2
Let n(b) = -b**3 + 8*b**2 - 8. Suppose -c + 5 = -2*c. Let m be 0 - c/(25/20). Suppose 2*z + 0*d - 4*d - m = 0, 5*d + 17 = 4*z. Calculate n(z).
-8
Let t(n) = n**2 - 9*n - 24. Let j be ((-90)/(-16))/((-609)/(-1624)). Determine t(j).
66
Let c(h) = -h**2 - 8*h - 4. Suppose 49*l - 41*l = 0. Suppose -21*i + 6 - 90 = l. What is c(i)?
12
Let v(o) = -1259*o + 2105 - 2217 + 1256*o. What is v(-29)?
-25
Let t(q) = q**2 + 3*q + 7. Let n(i) = 2*i**2 + 4*i + 8. Let v(c) = -2*n(c) + 3*t(c). Let h be (-10)/3*(-24)/(-20). Give v(h).
-15
Let t(r) be the first derivative of -10/3*r**3 - 2*r - 3/2*r**2 + 31. What is t(-2)?
-36
Let w(a) = a**3 + 10*a**2 - 13*a - 2. Let g be w(-11). Let r = g + -21. Let v(h) be the second derivative of -2*h**3 - 2*h - 162. Give v(r).
12
Let f(x) = -5*x**2 - 3*x - 16. Let c(d) = -12*d**2 - 5*d - 36. Let j(y) = -2*c(y) + 5*f(y). What is j(0)?
-8
Let v = -10 + 18. Let a(y) = 10*y - 8. Suppose -2*q - 4 = -l + 2, -10 = 2*q. Let j(i) = 13*i - 8. Let s(t) = l*a(t) + 3*j(t). Give s(v).
0
Let x(q) = -25*q + 731. Let r(c) = 11*c - 355. Let m(s) = 13*r(s) + 6*x(s). Calculate m(-32).
-5
Let s(t) = -6*t**2 + 4*t. Suppose 8026*f = 8016*f + 30. What is s(f)?
-42
Let n(v) = -v**2 + 9*v + 1. Let i(k) = -12 - k + 23 - k. Let z be i(4). Suppose 4*t = -3*h + 45, z*t + 4*h - 46 = -7. Determine n(t).
1
Let g(c) = -9*c**2 - 28*c + 44. Let k(o) = 22*o**2 + 71*o - 119. Let x(a) = -12*g(a) - 5*k(a). Give x(-12).
7
Let t(i) be the third derivative of -i**6/120 + 11*i**5/60 - 3*i**4/4 - 8*i**3/3 + 953*i**2. Determine t(9).
-16
Suppose 0 = 6*s - 2*s + 9*s + 182. Let z(v) = 9*v - 15. Calculate z(s).
-141
Let q(f) = 5*f**2 - 8*f - 10. Let x(n) = -11*n**2 + 16*n + 20. Let a(b) = 9*q(b) + 4*x(b). Let l(w) = 10*w**2 - 53*w + 52. Let s be l(1). What is a(s)?
-1
Let a(z) = 20*z**2 + z - 50. Let y be a(-5). Suppose -t - 440 = -y. Let f(p) = -p**3 + 4*p**2 + 2*p + 5. Determine f(t).
-10
Let t be ((-23)/(322/98) + 2)*(-8)/5. Let f(n) = -n**3 + 3*n**2 + 46*n - 17. Determine f(t).
31
Let i(l) = l**3 + 8*l**2 - 93*l - 759. Let q be i(-8). Let o(w) = -w**2 - 9*w + 22. Give o(q).
-68
Let m(j) be the second derivative of 0 + 1/3*j**3 + 192*j + 0*j**4 + 1/2*j**2 - 1/10*j**5. Determine m(-2).
13
Let o(q) = 57260590*q + q**2 - 57260595*q + 0*q**2. Suppose 5*s = -2*z + 32, -z = -s - 1 + 6. Calculate o(s).
6
Let g(r) = -3*r + 5 - 4 - 1 - 6*r + 3. Let b(v) = v**2 + v. Let a be b(-2). What is g(a)?
-15
Let s(a) be the third derivative of -a**5/60 + a**4/4 - 3*a**3/2 - 47*a**2 - 3*a. Suppose 5*d = d - 2*z + 24, d - 2*z = 6. What is s(d)?
-9
Let b = -77 + 81. Let z(j) = j**2 + 4 + 0*j**2 + 57*j - 60*j. Determine z(b).
8
Suppose -2*y + 3*k + 148 = 107, 6*y + 5*k = 193. Let l(g) be the third derivative of 1/24*g**4 + y*g**2 + 4/3*g**3 + 0 + 0*g. Calculate l(-4).
4
Let c = 157570 + -157565. Suppose 2*j + 0 = 2, a - 3*j - 4 = 0. Let r(y) = a*y - 4*y - 4 - 1. Determine r(c).
10
Let n(c) = -2*c**2 - 1. Let u(y) = -3*y**2 + 4*y - 22. Let r(i) = -2*n(i) + u(i). What is r(-8)?
12
Let d(s) be the second derivative of -s**6/360 - s**5/30 - 5*s**4/24 + s**3/6 - 26*s. Let p(z) be the second derivative of d(z). Give p(-5).
-10
Let h(q) be the second derivative of -q**5/10 - q**4/4 + q**2/2 + 205*q - 4. Give h(-2).
5
Let n(t) = -6*t + 38. Suppose 0 = 14*s - 3*o - 8 - 62, 4*o = -3*s + 15. Calculate n(s).
8
Let v be -1 + 3*(2 + 1). Suppose -34 = 3*g + 7*c - 12*c, 4*g + 4*c = v. Let r(j) = -j**3 - 5*j**2 - 3*j - 1. Calculate r(g).
-10
Let h(i) be the third derivative of 2*i**4/3 + 3*i**3/2 + i**2 + 707. Determine h(-5).
-71
Let w(r) be the second derivative of -r**5/20 - 17*r**4/12 - 7*r**3/3 - 9*r**2 - 2690*r. What is w(-16)?
-50
Suppose 19*r - 176 = -5. Suppose 133*z = 136*z + r. Let b(p) = -p**3 - 2*p**2 + 5*p + 3. Give b(z).
-3
Let u(v) be the third derivative of v**4/12 + 10*v**2 + 2*v - 15. Determine u(4).
8
Let p(w) = 17*w + 14. Let f(o) = 9*o + 7. Let z(k) = 11*f(k) - 6*p(k). Suppose 345 = -57*r + 97 - 379. Give z(r).
26
Let s = -3032 - -3031. Let w(u) = 3 - 4*u**2 + 0*u**2 + 1 - u + 5*u**2. Let b(x) = -3*x**2 + x - 7. Let i(o) = 3*b(o) + 5*w(o). Determine i(s).
-3
Let z(h) be the second derivative of -h**5/20 + h**4/3 - h**3/2 - h**2/2 - 70*h. Give z(4).
-13
Let a(r) = 6*r - 2. Let o be (-99)/(-44)*8/6. Let g(b) = -3*b + 1. Let u(m) = o*a(m) + 5*g(m). Let c = -2 + 3. Calculate u(c).
2
Let u(c) = -1 + 10*c + 3*c - 8*c + c**2. Let k(o) = -3*o**2 - 12*o + 2. 